{"id":212,"date":"2023-02-17T15:12:40","date_gmt":"2023-02-17T14:12:40","guid":{"rendered":"https:\/\/crossfitlabattoir.fr\/?page_id=212"},"modified":"2025-03-06T22:41:37","modified_gmt":"2025-03-06T21:41:37","slug":"coachs","status":"publish","type":"page","link":"https:\/\/crossfitlabattoir.fr\/index.php\/coachs\/","title":{"rendered":"L&#8217;\u00e9quipe CrossFit"},"content":{"rendered":"<p>[vc_row full_width=&#8221;stretch_row&#8221;][vc_column]<div class=\"sc_content content_wrap\" style=\"padding: 4em 0 2.5em 0;\"><h5 class=\"sc_title sc_title_regular sc_align_center margin_bottom_tiny-\" style=\"letter-spacing: 11.5px;text-align:center;color:#afafb0;font-weight:700;font-size:0.833em;\">La Team du CrossFit l&#8217;Abattoir<\/h5><h2 class=\"sc_title sc_title_regular sc_align_center\" style=\"text-align:center;\">Vos Coachs sont pr\u00e9sents quotidiennement pour vous accompagner et vous guider afin d\u2019atteindre vos objectifs.<\/h2><\/div>[\/vc_column][\/vc_row][vc_row full_width=&#8221;stretch_row&#8221;][vc_column][vc_empty_space][vc_btn title=&#8221;Je r\u00e9serve ma premi\u00e8re s\u00e9ance gratuite ici !&#8221; color=&#8221;orange&#8221; size=&#8221;lg&#8221; align=&#8221;center&#8221; css_animation=&#8221;bounceIn&#8221; button_block=&#8221;true&#8221; link=&#8221;url:https%3A%2F%2Fforms.gle%2Fg46PCyTz5Ln88JDT7|title:R%C3%A9servez|target:_blank&#8221;][vc_empty_space][\/vc_column][\/vc_row][vc_row full_width=&#8221;stretch_row&#8221;][vc_column width=&#8221;1\/2&#8243;]<figure class=\"sc_image  sc_image_shape_square\"><img decoding=\"async\" src=\"https:\/\/crossfitlabattoir.fr\/wp-content\/uploads\/2023\/02\/Black-Photo-Fitness-for-Men-Instagram-Post-9.png\" alt=\"\" \/><\/figure>[vc_empty_space]<h3 class=\"sc_title sc_title_regular sc_align_left\" style=\"margin-top:-13px; margin-bottom:1em;text-align:left;\">Sam, alias Sam le Hokage<\/h3>[vc_empty_space][\/vc_column][vc_column width=&#8221;1\/2&#8243;]<figure class=\"sc_image  sc_image_shape_square\"><img decoding=\"async\" src=\"https:\/\/crossfitlabattoir.fr\/wp-content\/uploads\/2023\/02\/Black-Photo-Fitness-for-Men-Instagram-Post-10.png\" alt=\"\" \/><\/figure>[vc_empty_space]<h3 class=\"sc_title sc_title_regular sc_align_left\" style=\"margin-top:-13px; margin-bottom:1em;text-align:left;\">Khoren, &#8220;Pr\u00e9sentez-vous !&#8221;<\/h3>[vc_empty_space][\/vc_column][\/vc_row][vc_row full_width=&#8221;stretch_row&#8221;][vc_column width=&#8221;1\/2&#8243;]<figure class=\"sc_image  sc_image_shape_square\"><img decoding=\"async\" src=\"https:\/\/crossfitlabattoir.fr\/wp-content\/uploads\/2023\/03\/Black-Photo-Fitness-for-Men-Instagram-Post-12.png\" alt=\"\" \/><\/figure>[vc_empty_space]<h3 class=\"sc_title sc_title_regular sc_align_left\" style=\"margin-top:-13px; margin-bottom:1em;text-align:left;\">Ben, Si vous avez un d\u00e9fi (idiot ou pas) \u00e0 faire&#8230; il le fera !<\/h3>[vc_empty_space][\/vc_column][\/vc_row][vc_row full_width=&#8221;stretch_row&#8221; disable_element=&#8221;yes&#8221;][vc_column width=&#8221;1\/2&#8243;]<figure class=\"sc_image  sc_image_shape_square\"><img decoding=\"async\" src=\"https:\/\/crossfitlabattoir.fr\/wp-content\/uploads\/2023\/03\/Black-Photo-Fitness-for-Men-Instagram-Post-12.png\" alt=\"\" \/><\/figure>[vc_empty_space]<h3 class=\"sc_title sc_title_regular sc_align_left\" style=\"margin-top:-13px; margin-bottom:1em;text-align:left;\">Ben, Si vous avez un d\u00e9fi (idiot ou pas) \u00e0 faire&#8230; il le fera !<\/h3>[vc_empty_space][\/vc_column][vc_column width=&#8221;1\/2&#8243;]<figure class=\"sc_image  sc_image_shape_square\"><img decoding=\"async\" src=\"https:\/\/crossfitlabattoir.fr\/wp-content\/uploads\/2023\/03\/Black-Photo-Fitness-for-Men-Instagram-Post-11.png\" alt=\"\" \/><\/figure>[vc_empty_space]<h3 class=\"sc_title sc_title_regular sc_align_left\" style=\"margin-top:-13px; margin-bottom:1em;text-align:left;\">Alexis, Le Zouk c&#8217;est la Vie<\/h3>[vc_empty_space][\/vc_column][\/vc_row][vc_row full_width=&#8221;stretch_row&#8221;][vc_column][vc_empty_space][vc_btn title=&#8221;Je r\u00e9serve ma premi\u00e8re s\u00e9ance gratuite ici !&#8221; color=&#8221;orange&#8221; size=&#8221;lg&#8221; align=&#8221;center&#8221; css_animation=&#8221;bounceIn&#8221; button_block=&#8221;true&#8221; link=&#8221;url:https%3A%2F%2Fforms.gle%2Fg46PCyTz5Ln88JDT7|title:R%C3%A9servez|target:_blank&#8221;][vc_empty_space][\/vc_column][\/vc_row]<\/p>\n","protected":false},"excerpt":{"rendered":"<p>[vc_row full_width=&#8221;stretch_row&#8221;][vc_column][\/vc_column][\/vc_row][vc_row full_width=&#8221;stretch_row&#8221;][vc_column][vc_empty_space][vc_btn title=&#8221;Je r\u00e9serve ma premi\u00e8re s\u00e9ance gratuite ici !&#8221; color=&#8221;orange&#8221; size=&#8221;lg&#8221; align=&#8221;center&#8221; css_animation=&#8221;bounceIn&#8221; button_block=&#8221;true&#8221; link=&#8221;url:https%3A%2F%2Fforms.gle%2Fg46PCyTz5Ln88JDT7|title:R%C3%A9servez|target:_blank&#8221;][vc_empty_space][\/vc_column][\/vc_row][vc_row full_width=&#8221;stretch_row&#8221;][vc_column width=&#8221;1\/2&#8243;][vc_empty_space][vc_empty_space][\/vc_column][vc_column width=&#8221;1\/2&#8243;][vc_empty_space][vc_empty_space][\/vc_column][\/vc_row][vc_row full_width=&#8221;stretch_row&#8221;][vc_column width=&#8221;1\/2&#8243;][vc_empty_space][vc_empty_space][\/vc_column][\/vc_row][vc_row full_width=&#8221;stretch_row&#8221; disable_element=&#8221;yes&#8221;][vc_column width=&#8221;1\/2&#8243;][vc_empty_space][vc_empty_space][\/vc_column][vc_column width=&#8221;1\/2&#8243;][vc_empty_space][vc_empty_space][\/vc_column][\/vc_row][vc_row full_width=&#8221;stretch_row&#8221;][vc_column][vc_empty_space][vc_btn title=&#8221;Je r\u00e9serve ma premi\u00e8re s\u00e9ance gratuite ici !&#8221; color=&#8221;orange&#8221; size=&#8221;lg&#8221; align=&#8221;center&#8221; css_animation=&#8221;bounceIn&#8221; button_block=&#8221;true&#8221; link=&#8221;url:https%3A%2F%2Fforms.gle%2Fg46PCyTz5Ln88JDT7|title:R%C3%A9servez|target:_blank&#8221;][vc_empty_space][\/vc_column][\/vc_row]<\/p>\n","protected":false},"author":1,"featured_media":0,"parent":0,"menu_order":0,"comment_status":"closed","ping_status":"closed","template":"","meta":{"footnotes":""},"class_list":["post-212","page","type-page","status-publish","hentry"],"_links":{"self":[{"href":"https:\/\/crossfitlabattoir.fr\/index.php\/wp-json\/wp\/v2\/pages\/212","targetHints":{"allow":["GET"]}}],"collection":[{"href":"https:\/\/crossfitlabattoir.fr\/index.php\/wp-json\/wp\/v2\/pages"}],"about":[{"href":"https:\/\/crossfitlabattoir.fr\/index.php\/wp-json\/wp\/v2\/types\/page"}],"author":[{"embeddable":true,"href":"https:\/\/crossfitlabattoir.fr\/index.php\/wp-json\/wp\/v2\/users\/1"}],"replies":[{"embeddable":true,"href":"https:\/\/crossfitlabattoir.fr\/index.php\/wp-json\/wp\/v2\/comments?post=212"}],"version-history":[{"count":11,"href":"https:\/\/crossfitlabattoir.fr\/index.php\/wp-json\/wp\/v2\/pages\/212\/revisions"}],"predecessor-version":[{"id":419,"href":"https:\/\/crossfitlabattoir.fr\/index.php\/wp-json\/wp\/v2\/pages\/212\/revisions\/419"}],"wp:attachment":[{"href":"https:\/\/crossfitlabattoir.fr\/index.php\/wp-json\/wp\/v2\/media?parent=212"}],"curies":[{"name":"wp","href":"https:\/\/api.w.org\/{rel}","templated":true}]}}