{"id":385,"date":"2023-07-03T04:04:16","date_gmt":"2023-07-03T02:04:16","guid":{"rendered":"https:\/\/crossfitlabattoir.fr\/?page_id=385"},"modified":"2023-07-03T04:17:50","modified_gmt":"2023-07-03T02:17:50","slug":"article-veteran-war","status":"publish","type":"page","link":"https:\/\/crossfitlabattoir.fr\/index.php\/article-veteran-war\/","title":{"rendered":"veteran war"},"content":{"rendered":"<p>[vc_row][vc_column]<div class=\"sc_section\" style=\"max-height:327px;\"><div class=\"sc_section_inner\"><\/div><\/div>[\/vc_column][\/vc_row][vc_row][vc_column]<h5 class=\"sc_title sc_title_regular sc_align_center margin_top_huge margin_bottom_tiny-\" style=\"letter-spacing: 11.5px;text-align:center;color:#afafb0;font-weight:700;font-size:0.833em;\">Histoire de CrossFit \u00e0 Valence<\/h5><h2 class=\"sc_title sc_title_regular sc_align_center\" style=\"margin-bottom: 1em;text-align:center;\">V\u00e9t\u00e9ran WAR<\/h2><div class=\"columns_wrap sc_columns columns_nofluid sc_columns_count_1 margin_bottom_large\" style=\"margin: 0 auto;width:69%;\"><div class=\"column-1_1 sc_column_item sc_column_item_1 odd first\">[vc_column_text]Nous sommes ravis de partager avec vous une comp\u00e9tition \u00e9pique qui s&#8217;est d\u00e9roul\u00e9e r\u00e9cemment : la &#8220;<strong>V\u00e9t\u00e9ran War<\/strong>&#8220;. Cette comp\u00e9tition sp\u00e9cialement con\u00e7ue pour les v\u00e9t\u00e9rans du CrossFit a r\u00e9uni des athl\u00e8tes passionn\u00e9s de diff\u00e9rents horizons, pr\u00eats \u00e0 se lancer dans des \u00e9preuves intenses et \u00e0 repousser leurs limites.<\/p>\n<p>&nbsp;<\/p>\n<p>Nous sommes fiers d&#8217;annoncer que certains de nos adh\u00e9rents les plus d\u00e9vou\u00e9s de notre box de <strong>CrossFit \u00e0 Valence<\/strong> ont particip\u00e9 \u00e0 cet \u00e9v\u00e9nement extraordinaire, repr\u00e9sentant avec fiert\u00e9 notre communaut\u00e9. Leur engagement, leur force et leur d\u00e9termination ont \u00e9t\u00e9 mis \u00e0 l&#8217;\u00e9preuve dans des \u00e9preuves vari\u00e9es qui ont mis en avant leur exp\u00e9rience et leur niveau de condition physique.<\/p>\n<p>&nbsp;<\/p>\n<p>Si vous souhaitez revivre les moments forts de cette comp\u00e9tition, nous vous invitons \u00e0 regarder la vid\u00e9o captivante disponible depuis ce lien Facebook d\u00e9di\u00e9e \u00e0 cet \u00e9v\u00e9nement. Cliquez sur ce lien pour acc\u00e9der \u00e0 la vid\u00e9o : <a href=\"https:\/\/www.facebook.com\/anael.magne\/videos\/1997054453976076\/\" target=\"_blank\" rel=\"noopener\">ici<\/a><\/p>\n<p>&nbsp;<\/p>\n<p>La &#8220;<strong>V\u00e9t\u00e9ran War<\/strong>&#8221; a \u00e9t\u00e9 une exp\u00e9rience inoubliable, r\u00e9unissant des athl\u00e8tes motiv\u00e9s et inspirants. Notre box de <strong>CrossFit \u00e0 Valence<\/strong> est fier de soutenir et d&#8217;encourager nos membres \u00e0 participer \u00e0 des comp\u00e9titions de cette envergure, o\u00f9 ils peuvent mettre en pratique leur entra\u00eenement intensif et leur esprit comp\u00e9titif.<\/p>\n<p>&nbsp;<\/p>\n<p><strong>Nous f\u00e9licitons chaleureusement nos adh\u00e9rents qui ont particip\u00e9 \u00e0 la &#8220;V\u00e9t\u00e9ran War&#8221;<\/strong> pour leur courage, leur t\u00e9nacit\u00e9 et leur repr\u00e9sentation exemplaire de notre communaut\u00e9. Leur engagement est une source d&#8217;inspiration pour tous ceux qui aspirent \u00e0 atteindre de nouveaux sommets dans leur parcours de CrossFit.<\/p>\n<p>&nbsp;<\/p>\n<p>Si vous \u00eates \u00e0 la recherche d&#8217;une communaut\u00e9 dynamique et passionn\u00e9e de CrossFit \u00e0 Valence, nous vous invitons \u00e0 nous rejoindre. Que vous soyez un v\u00e9t\u00e9ran chevronn\u00e9 ou un novice motiv\u00e9, notre box de CrossFit est pr\u00eat \u00e0 vous accompagner dans votre voyage de remise en forme, en vous offrant des programmes d&#8217;entra\u00eenement adapt\u00e9s \u00e0 tous les niveaux et en cr\u00e9ant un environnement positif o\u00f9 vous pourrez vous \u00e9panouir. Rejoignez-nous et faites partie de notre famille CrossFit &#8220;L&#8217;Abattoir&#8221; \u00e0 Valence ![\/vc_column_text]<\/div><\/div>[\/vc_column][\/vc_row][vc_row full_width=&#8221;stretch_row&#8221; css=&#8221;.vc_custom_1450260508440{background-image: url() !important;}&#8221;][vc_column]<a href=\"https:\/\/www.facebook.com\/anael.magne\/videos\/1997054453976076\/\" class=\"sc_button sc_button_square sc_button_style_style1 sc_button_size_small aligncenter\">Lien vers la vid\u00e9o<\/a>[\/vc_column][\/vc_row]<\/p>\n","protected":false},"excerpt":{"rendered":"<p>[vc_row][vc_column][\/vc_column][\/vc_row][vc_row][vc_column][\/vc_column][\/vc_row][vc_row full_width=&#8221;stretch_row&#8221; css=&#8221;.vc_custom_1450260508440{background-image: url() !important;}&#8221;][vc_column][\/vc_column][\/vc_row]<\/p>\n","protected":false},"author":1,"featured_media":0,"parent":0,"menu_order":0,"comment_status":"closed","ping_status":"closed","template":"","meta":{"footnotes":""},"class_list":["post-385","page","type-page","status-publish","hentry"],"_links":{"self":[{"href":"https:\/\/crossfitlabattoir.fr\/index.php\/wp-json\/wp\/v2\/pages\/385","targetHints":{"allow":["GET"]}}],"collection":[{"href":"https:\/\/crossfitlabattoir.fr\/index.php\/wp-json\/wp\/v2\/pages"}],"about":[{"href":"https:\/\/crossfitlabattoir.fr\/index.php\/wp-json\/wp\/v2\/types\/page"}],"author":[{"embeddable":true,"href":"https:\/\/crossfitlabattoir.fr\/index.php\/wp-json\/wp\/v2\/users\/1"}],"replies":[{"embeddable":true,"href":"https:\/\/crossfitlabattoir.fr\/index.php\/wp-json\/wp\/v2\/comments?post=385"}],"version-history":[{"count":3,"href":"https:\/\/crossfitlabattoir.fr\/index.php\/wp-json\/wp\/v2\/pages\/385\/revisions"}],"predecessor-version":[{"id":391,"href":"https:\/\/crossfitlabattoir.fr\/index.php\/wp-json\/wp\/v2\/pages\/385\/revisions\/391"}],"wp:attachment":[{"href":"https:\/\/crossfitlabattoir.fr\/index.php\/wp-json\/wp\/v2\/media?parent=385"}],"curies":[{"name":"wp","href":"https:\/\/api.w.org\/{rel}","templated":true}]}}

<p>[vc_row][vc_column]<div class="sc_section" style="max-height:327px;"><div class="sc_section_inner"></div></div>[/vc_column][/vc_row][vc_row][vc_column]<h5 class="sc_title sc_title_regular sc_align_center margin_top_huge margin_bottom_tiny-" style="letter-spacing: 11.5px;text-align:center;color:#afafb0;font-weight:700;font-size:0.833em;">Histoire de CrossFit à Valence</h5><h2 class="sc_title sc_title_regular sc_align_center" style="margin-bottom: 1em;text-align:center;">Vétéran WAR</h2><div class="columns_wrap sc_columns columns_nofluid sc_columns_count_1 margin_bottom_large" style="margin: 0 auto;width:69%;"><div class="column-1_1 sc_column_item sc_column_item_1 odd first">[vc_column_text]Nous sommes ravis de partager avec vous une compétition épique qui s&#8217;est déroulée récemment : la &#8220;<strong>Vétéran War</strong>&#8220;. Cette compétition spécialement conçue pour les vétérans du CrossFit a réuni des athlètes passionnés de différents horizons, prêts à se lancer dans des épreuves intenses et à repousser leurs limites.</p>
<p>&nbsp;</p>
<p>Nous sommes fiers d&#8217;annoncer que certains de nos adhérents les plus dévoués de notre box de <strong>CrossFit à Valence</strong> ont participé à cet événement extraordinaire, représentant avec fierté notre communauté. Leur engagement, leur force et leur détermination ont été mis à l&#8217;épreuve dans des épreuves variées qui ont mis en avant leur expérience et leur niveau de condition physique.</p>
<p>&nbsp;</p>
<p>Si vous souhaitez revivre les moments forts de cette compétition, nous vous invitons à regarder la vidéo captivante disponible depuis ce lien Facebook dédiée à cet événement. Cliquez sur ce lien pour accéder à la vidéo : <a href="https://www.facebook.com/anael.magne/videos/1997054453976076/" target="_blank" rel="noopener">ici</a></p>
<p>&nbsp;</p>
<p>La &#8220;<strong>Vétéran War</strong>&#8221; a été une expérience inoubliable, réunissant des athlètes motivés et inspirants. Notre box de <strong>CrossFit à Valence</strong> est fier de soutenir et d&#8217;encourager nos membres à participer à des compétitions de cette envergure, où ils peuvent mettre en pratique leur entraînement intensif et leur esprit compétitif.</p>
<p>&nbsp;</p>
<p><strong>Nous félicitons chaleureusement nos adhérents qui ont participé à la &#8220;Vétéran War&#8221;</strong> pour leur courage, leur ténacité et leur représentation exemplaire de notre communauté. Leur engagement est une source d&#8217;inspiration pour tous ceux qui aspirent à atteindre de nouveaux sommets dans leur parcours de CrossFit.</p>
<p>&nbsp;</p>
<p>Si vous êtes à la recherche d&#8217;une communauté dynamique et passionnée de CrossFit à Valence, nous vous invitons à nous rejoindre. Que vous soyez un vétéran chevronné ou un novice motivé, notre box de CrossFit est prêt à vous accompagner dans votre voyage de remise en forme, en vous offrant des programmes d&#8217;entraînement adaptés à tous les niveaux et en créant un environnement positif où vous pourrez vous épanouir. Rejoignez-nous et faites partie de notre famille CrossFit &#8220;L&#8217;Abattoir&#8221; à Valence ![/vc_column_text]</div></div>[/vc_column][/vc_row][vc_row full_width=&#8221;stretch_row&#8221; css=&#8221;.vc_custom_1450260508440{background-image: url() !important;}&#8221;][vc_column]<a href="https://www.facebook.com/anael.magne/videos/1997054453976076/" class="sc_button sc_button_square sc_button_style_style1 sc_button_size_small aligncenter">Lien vers la vidéo</a>[/vc_column][/vc_row]</p>
